{"id":3011,"date":"2025-07-07T12:58:24","date_gmt":"2025-07-07T10:58:24","guid":{"rendered":"https:\/\/leco-mobilya.com\/?post_type=product&#038;p=3011"},"modified":"2026-04-14T07:59:49","modified_gmt":"2026-04-14T05:59:49","slug":"lit-alliance","status":"publish","type":"product","link":"https:\/\/leco-mobilya.com\/index.php\/product\/lit-alliance\/","title":{"rendered":"LIT ALLIANCE"},"content":{"rendered":"<p>Un support matelas en bois rouge 1.60&#215;1.90M.<br \/>\nT\u00e9t\u00e9 de Lit capitonne en tissu bouclette anti-t\u00e2ches L1.90xH1.20M.<\/p>\n","protected":false},"excerpt":{"rendered":"<p><strong>Le lit Alliance<\/strong> allie modernit\u00e9 et raffinement, avec son design sobre et \u00e9l\u00e9gant, il instaure une atmosph\u00e8re \u00e0 la fois apaisante et contemporaine, ses teintes douces et ses mat\u00e9riaux de qualit\u00e9 assurent un \u00e9quilibre parfait entre confort et esth\u00e9tisme.<\/p>\n<p><strong>Alliance<\/strong>, c\u2019est bien plus qu\u2019un simple<strong> lit<\/strong>, c\u2019est un v\u00e9ritable espace de repos, con\u00e7u pour sublimer votre quotidien un cocon chaleureux o\u00f9 le style rencontre la s\u00e9r\u00e9nit\u00e9.<\/p>\n<p>&nbsp;<\/p>\n","protected":false},"featured_media":3015,"comment_status":"open","ping_status":"closed","template":"","meta":[],"product_cat":[33,159],"product_tag":[267,192,200,304,197],"class_list":{"0":"post-3011","1":"product","2":"type-product","3":"status-publish","4":"has-post-thumbnail","6":"product_cat-chambre-adulte","7":"product_cat-lit","8":"product_tag-alliance","9":"product_tag-blanc","10":"product_tag-capitonne","11":"product_tag-chambre-adulte","12":"product_tag-lit","14":"first","15":"instock","16":"shipping-taxable","17":"purchasable","18":"product-type-simple"},"jetpack_sharing_enabled":true,"_links":{"self":[{"href":"https:\/\/leco-mobilya.com\/index.php\/wp-json\/wp\/v2\/product\/3011","targetHints":{"allow":["GET"]}}],"collection":[{"href":"https:\/\/leco-mobilya.com\/index.php\/wp-json\/wp\/v2\/product"}],"about":[{"href":"https:\/\/leco-mobilya.com\/index.php\/wp-json\/wp\/v2\/types\/product"}],"replies":[{"embeddable":true,"href":"https:\/\/leco-mobilya.com\/index.php\/wp-json\/wp\/v2\/comments?post=3011"}],"wp:featuredmedia":[{"embeddable":true,"href":"https:\/\/leco-mobilya.com\/index.php\/wp-json\/wp\/v2\/media\/3015"}],"wp:attachment":[{"href":"https:\/\/leco-mobilya.com\/index.php\/wp-json\/wp\/v2\/media?parent=3011"}],"wp:term":[{"taxonomy":"product_cat","embeddable":true,"href":"https:\/\/leco-mobilya.com\/index.php\/wp-json\/wp\/v2\/product_cat?post=3011"},{"taxonomy":"product_tag","embeddable":true,"href":"https:\/\/leco-mobilya.com\/index.php\/wp-json\/wp\/v2\/product_tag?post=3011"}],"curies":[{"name":"wp","href":"https:\/\/api.w.org\/{rel}","templated":true}]}}