{"id":2962,"date":"2025-05-12T13:23:18","date_gmt":"2025-05-12T11:23:18","guid":{"rendered":"https:\/\/leco-mobilya.com\/?post_type=product&#038;p=2962"},"modified":"2026-04-21T19:37:16","modified_gmt":"2026-04-21T17:37:16","slug":"chambre-julia","status":"publish","type":"product","link":"https:\/\/leco-mobilya.com\/index.php\/product\/chambre-julia\/","title":{"rendered":"Chambre JULIA"},"content":{"rendered":"<p>Nous fabriquons nos chambres avec des panneaux de 18mm d\u2019\u00e9paisseur, contrairement au standard courant de 16mm. Cette diff\u00e9rence garantit une meilleure robustesse, une durabilit\u00e9 accrue et une finition plus soign\u00e9e.<\/p>\n<p>Livraison gratuite sur tout le territoire tunisien.<\/p>\n","protected":false},"excerpt":{"rendered":"<p>Cr\u00e9ez une ambiance douce et moderne avec la chambre<strong> JULIA<\/strong>.<\/p>\n<p>Ses teintes claires et ses finitions raffin\u00e9es offrent un parfait \u00e9quilibre entre confort, fonctionnalit\u00e9 et \u00e9l\u00e9gance.<\/p>\n<p>Id\u00e9ale pour instaurer une atmosph\u00e8re apaisante et lumineuse, <strong>JULIA<\/strong> fait de votre chambre un v\u00e9ritable cocon de bien-\u00eatre<\/p>\n","protected":false},"featured_media":2996,"comment_status":"open","ping_status":"closed","template":"","meta":[],"product_cat":[33,136],"product_tag":[190,304,306,305,197,206,300],"class_list":{"0":"post-2962","1":"product","2":"type-product","3":"status-publish","4":"has-post-thumbnail","6":"product_cat-chambre-adulte","7":"product_cat-chambres-a-coucher","8":"product_tag-bois","9":"product_tag-chambre-adulte","10":"product_tag-coiffeuse","11":"product_tag-julia","12":"product_tag-lit","13":"product_tag-penderie","14":"product_tag-table-de-nuit","16":"first","17":"instock","18":"shipping-taxable","19":"purchasable","20":"product-type-simple"},"jetpack_sharing_enabled":true,"_links":{"self":[{"href":"https:\/\/leco-mobilya.com\/index.php\/wp-json\/wp\/v2\/product\/2962","targetHints":{"allow":["GET"]}}],"collection":[{"href":"https:\/\/leco-mobilya.com\/index.php\/wp-json\/wp\/v2\/product"}],"about":[{"href":"https:\/\/leco-mobilya.com\/index.php\/wp-json\/wp\/v2\/types\/product"}],"replies":[{"embeddable":true,"href":"https:\/\/leco-mobilya.com\/index.php\/wp-json\/wp\/v2\/comments?post=2962"}],"wp:featuredmedia":[{"embeddable":true,"href":"https:\/\/leco-mobilya.com\/index.php\/wp-json\/wp\/v2\/media\/2996"}],"wp:attachment":[{"href":"https:\/\/leco-mobilya.com\/index.php\/wp-json\/wp\/v2\/media?parent=2962"}],"wp:term":[{"taxonomy":"product_cat","embeddable":true,"href":"https:\/\/leco-mobilya.com\/index.php\/wp-json\/wp\/v2\/product_cat?post=2962"},{"taxonomy":"product_tag","embeddable":true,"href":"https:\/\/leco-mobilya.com\/index.php\/wp-json\/wp\/v2\/product_tag?post=2962"}],"curies":[{"name":"wp","href":"https:\/\/api.w.org\/{rel}","templated":true}]}}