{"id":2891,"date":"2025-04-23T14:15:15","date_gmt":"2025-04-23T12:15:15","guid":{"rendered":"https:\/\/leco-mobilya.com\/?post_type=product&#038;p=2891"},"modified":"2026-02-19T13:20:51","modified_gmt":"2026-02-19T12:20:51","slug":"lit-perla-junior","status":"publish","type":"product","link":"https:\/\/leco-mobilya.com\/index.php\/product\/lit-perla-junior\/","title":{"rendered":"LIT Perla Junior"},"content":{"rendered":"","protected":false},"excerpt":{"rendered":"<p><strong>Le lit Perla Junior<\/strong> allie charme naturel et modernit\u00e9.<br \/>\nAvec sa t\u00eate de lit sobrement capitonn\u00e9e et ses finitions effet bois, il cr\u00e9e une ambiance chaleureuse et accueillante dans la chambre. Son design \u00e9pur\u00e9 et sa palette de tons doux s\u2019int\u00e8grent avec harmonie dans tous les univers d\u00e9coratifs.<\/p>\n<p>Plus qu\u2019un simple couchage, est une invitation au calme et \u00e0 la d\u00e9tente, o\u00f9 chaque d\u00e9tail a \u00e9t\u00e9 pens\u00e9 pour offrir confort et style.<\/p>\n","protected":false},"featured_media":2869,"comment_status":"open","ping_status":"closed","template":"","meta":[],"product_cat":[30,158],"product_tag":[190,200,303,301],"class_list":{"0":"post-2891","1":"product","2":"type-product","3":"status-publish","4":"has-post-thumbnail","6":"product_cat-chambre-enfant","7":"product_cat-lit-enfant","8":"product_tag-bois","9":"product_tag-capitonne","10":"product_tag-lit-enfant","11":"product_tag-perla-junior","13":"first","14":"instock","15":"shipping-taxable","16":"purchasable","17":"product-type-simple"},"jetpack_sharing_enabled":true,"_links":{"self":[{"href":"https:\/\/leco-mobilya.com\/index.php\/wp-json\/wp\/v2\/product\/2891","targetHints":{"allow":["GET"]}}],"collection":[{"href":"https:\/\/leco-mobilya.com\/index.php\/wp-json\/wp\/v2\/product"}],"about":[{"href":"https:\/\/leco-mobilya.com\/index.php\/wp-json\/wp\/v2\/types\/product"}],"replies":[{"embeddable":true,"href":"https:\/\/leco-mobilya.com\/index.php\/wp-json\/wp\/v2\/comments?post=2891"}],"wp:featuredmedia":[{"embeddable":true,"href":"https:\/\/leco-mobilya.com\/index.php\/wp-json\/wp\/v2\/media\/2869"}],"wp:attachment":[{"href":"https:\/\/leco-mobilya.com\/index.php\/wp-json\/wp\/v2\/media?parent=2891"}],"wp:term":[{"taxonomy":"product_cat","embeddable":true,"href":"https:\/\/leco-mobilya.com\/index.php\/wp-json\/wp\/v2\/product_cat?post=2891"},{"taxonomy":"product_tag","embeddable":true,"href":"https:\/\/leco-mobilya.com\/index.php\/wp-json\/wp\/v2\/product_tag?post=2891"}],"curies":[{"name":"wp","href":"https:\/\/api.w.org\/{rel}","templated":true}]}}