{"id":2863,"date":"2025-04-23T11:06:27","date_gmt":"2025-04-23T09:06:27","guid":{"rendered":"https:\/\/leco-mobilya.com\/?post_type=product&#038;p=2863"},"modified":"2025-04-23T11:06:28","modified_gmt":"2025-04-23T09:06:28","slug":"table-de-nuit-perla-junior","status":"publish","type":"product","link":"https:\/\/leco-mobilya.com\/index.php\/product\/table-de-nuit-perla-junior\/","title":{"rendered":"Table de Nuit PERLA JUNIOR"},"content":{"rendered":"","protected":false},"excerpt":{"rendered":"<p>La\u00a0<strong>table de nuit<\/strong> <strong>PERLA JUNIOR<\/strong> \u00e9voque une \u00e9l\u00e9gance discr\u00e8te et raffin\u00e9e. Ses teintes naturelles et son design \u00e9pur\u00e9 apportent une touche de s\u00e9r\u00e9nit\u00e9 \u00e0 votre espace nuit.<\/p>\n<p>Parfaite pour accueillir vos essentiels, la\u00a0<strong>table de nuit<\/strong> <strong>PERLA JUNIOR<\/strong>\u00a0devient un compagnon de vos moments de calme, sublimant l\u2019atmosph\u00e8re de votre chambre avec finesse.<\/p>\n","protected":false},"featured_media":2868,"comment_status":"open","ping_status":"closed","template":"","meta":[],"product_cat":[30,152],"product_tag":[190,211,301,300],"class_list":{"0":"post-2863","1":"product","2":"type-product","3":"status-publish","4":"has-post-thumbnail","6":"product_cat-chambre-enfant","7":"product_cat-table-de-nuit","8":"product_tag-bois","9":"product_tag-enfant","10":"product_tag-perla-junior","11":"product_tag-table-de-nuit","13":"first","14":"instock","15":"shipping-taxable","16":"purchasable","17":"product-type-simple"},"jetpack_sharing_enabled":true,"_links":{"self":[{"href":"https:\/\/leco-mobilya.com\/index.php\/wp-json\/wp\/v2\/product\/2863","targetHints":{"allow":["GET"]}}],"collection":[{"href":"https:\/\/leco-mobilya.com\/index.php\/wp-json\/wp\/v2\/product"}],"about":[{"href":"https:\/\/leco-mobilya.com\/index.php\/wp-json\/wp\/v2\/types\/product"}],"replies":[{"embeddable":true,"href":"https:\/\/leco-mobilya.com\/index.php\/wp-json\/wp\/v2\/comments?post=2863"}],"wp:featuredmedia":[{"embeddable":true,"href":"https:\/\/leco-mobilya.com\/index.php\/wp-json\/wp\/v2\/media\/2868"}],"wp:attachment":[{"href":"https:\/\/leco-mobilya.com\/index.php\/wp-json\/wp\/v2\/media?parent=2863"}],"wp:term":[{"taxonomy":"product_cat","embeddable":true,"href":"https:\/\/leco-mobilya.com\/index.php\/wp-json\/wp\/v2\/product_cat?post=2863"},{"taxonomy":"product_tag","embeddable":true,"href":"https:\/\/leco-mobilya.com\/index.php\/wp-json\/wp\/v2\/product_tag?post=2863"}],"curies":[{"name":"wp","href":"https:\/\/api.w.org\/{rel}","templated":true}]}}