{"id":2416,"date":"2024-12-17T13:51:52","date_gmt":"2024-12-17T12:51:52","guid":{"rendered":"https:\/\/leco-mobilya.com\/?post_type=product&#038;p=2416"},"modified":"2025-04-07T12:19:47","modified_gmt":"2025-04-07T10:19:47","slug":"table-basse-emilya","status":"publish","type":"product","link":"https:\/\/leco-mobilya.com\/index.php\/product\/table-basse-emilya\/","title":{"rendered":"Table Basse Emilya"},"content":{"rendered":"<ul>\n<li><strong>Dimensions ( L \/ P \/ H ) en m\u00e8tre :<\/strong> 0.80 x 0.80 x 0.35<\/li>\n<li><strong>Couleurs :<\/strong> Blanc o\u00f9 Cr\u00e8me<\/li>\n<li>Miroir non inclus<\/li>\n<\/ul>\n","protected":false},"excerpt":{"rendered":"<p>La <strong>Table Basse Emilya<\/strong> apporte une touche de raffinement \u00e0 votre int\u00e9rieur. Transformez votre espace en un havre de style avec la table basse Emilya, le choix parfait pour un int\u00e9rieur chic et moderne.<\/p>\n","protected":false},"featured_media":2417,"comment_status":"open","ping_status":"closed","template":"","meta":[],"product_cat":[140,157],"product_tag":[190,188,191,186,189,187],"class_list":{"0":"post-2416","1":"product","2":"type-product","3":"status-publish","4":"has-post-thumbnail","6":"product_cat-meuble-salon","7":"product_cat-table-basse","8":"product_tag-bois","9":"product_tag-coffee_table","10":"product_tag-creme","11":"product_tag-table","12":"product_tag-table_salon","13":"product_tag-table-basse","15":"first","16":"instock","17":"shipping-taxable","18":"purchasable","19":"product-type-simple"},"jetpack_sharing_enabled":true,"_links":{"self":[{"href":"https:\/\/leco-mobilya.com\/index.php\/wp-json\/wp\/v2\/product\/2416","targetHints":{"allow":["GET"]}}],"collection":[{"href":"https:\/\/leco-mobilya.com\/index.php\/wp-json\/wp\/v2\/product"}],"about":[{"href":"https:\/\/leco-mobilya.com\/index.php\/wp-json\/wp\/v2\/types\/product"}],"replies":[{"embeddable":true,"href":"https:\/\/leco-mobilya.com\/index.php\/wp-json\/wp\/v2\/comments?post=2416"}],"wp:featuredmedia":[{"embeddable":true,"href":"https:\/\/leco-mobilya.com\/index.php\/wp-json\/wp\/v2\/media\/2417"}],"wp:attachment":[{"href":"https:\/\/leco-mobilya.com\/index.php\/wp-json\/wp\/v2\/media?parent=2416"}],"wp:term":[{"taxonomy":"product_cat","embeddable":true,"href":"https:\/\/leco-mobilya.com\/index.php\/wp-json\/wp\/v2\/product_cat?post=2416"},{"taxonomy":"product_tag","embeddable":true,"href":"https:\/\/leco-mobilya.com\/index.php\/wp-json\/wp\/v2\/product_tag?post=2416"}],"curies":[{"name":"wp","href":"https:\/\/api.w.org\/{rel}","templated":true}]}}

<ul>
<li><strong>Dimensions ( L / P / H ) en mètre :</strong> 0.80 x 0.80 x 0.35</li>
<li><strong>Couleurs :</strong> Blanc où Crème</li>
<li>Miroir non inclus</li>
</ul>

<p>La <strong>Table Basse Emilya</strong> apporte une touche de raffinement à votre intérieur. Transformez votre espace en un havre de style avec la table basse Emilya, le choix parfait pour un intérieur chic et moderne.</p>
